5 - -5 - -8 - 8 - 3).
-8
309 - 322 - (-8 - (1 - -1))
-3
What is 25 - 19 - (3 + -2 + 1 + 14)?
-10
What is the value of 14 + -15 + (-1 - -1) + -4 + 20?
15
Evaluate -4 + 0 + -5 + (-8 - (-16 - -12)).
-13
Calculate -6 + (9 - (6 - 4)) + -1.
0
What is the value of 9 + 12 + (-13 - -13) + -8?
13
(4 - (2 + -1)) + 93 + -100 - -34
30
Evaluate 13 + (-3 - 5 - -4).
9
Evaluate -5 + 4 + -3 - (-4 - 2).
2
Calculate (15 - 6) + -22 - (-6 + 3 - 3).
-7
Calculate -14 - (-25 + 11 - 4).
4
27 + 1 - (30 - (-10 - -26))
14
Calculate 0 + -7 + 79 + -75 - (-1 + 12).
-14
Evaluate 6 + (1 + -1 + -8 - -4).
2
What is the value of (40 - 24) + 0 + -8?
8
Calculate 1 + -23 + -182 + 196.
-8
What is the value of -13 - (3 - (6 + -2))?
-12
20 - 70 - -15 - -18
-17
What is 90 + -78 - (16 + 0)?
-4
What is the value of 59 + -19 + -35 + 9?
14
Evaluate -11 - (4 - (4 + 4)) - -12.
5
What is the value of (21 + -15 - 10) + (3 - 1)?
-2
What is -26 + -2 - -63 - 10?
25
-30 + (-23 - -68 - 18)
-3
Evaluate 9 + (-58 - -44 - (-8 + 0)).
3
Calculate 0 + -45 + 56 + (1 - 1).
11
What is the value of -14 + -1 + -1 - (75 + -15 + -64)?
-12
Evaluate 16 - 12 - (19 - (-3 + -9)).
-27
Calculate 16 + -14 + -15 + 0 + -1 + 7.
-7
Calculate -1 + 1 + -1 + -2 + -38 + 30.
-11
What is the value of (0 - 15) + 44 + -36?
-7
Evaluate -13 + (12 - (6 - (-3 - 0))).
-10
What is (-4 - (-6 - 0 - -2)) + (-62 - -63)?
1
-5 - 2 - -17 - 19
-9
Evaluate (36 - 61) + 39 - (-3 + 37).
-20
What is the value of 22 - 29 - (-12 - -24)?
-19
Evaluate (-193 - -216) + (4 - (8 - (3 - 7))).
15
What is (0 - -5 - (-11 + 6)) + -27?
-17
What is 275 + -303 + 4 + 0?
-24
Evaluate 23 - (32 + 13 + -22).
0
-22 - (-15 - (8 - -12))
13
1 + -2 + -4 - (30 + (-29 - 30))
24
(-4 - -6) + -8 + (-5 - -24) + -7
6
4 + 0 - (139 + -119)
-16
Calculate 6 - (-8 - ((-14 - -13) + -5)).
8
What is -9 + 6 + (-14 - -21)?
4
Calculate -79 - ((-8 - -35) + -72).
-34
Evaluate 14 + (-19 - (-30 + 9)).
16
What is 322 - 355 - (-10 + 4 + -1)?
-26
What is the value of -26 - (-11 + -11 + 8)?
-12
2 - 4 - (-3 + 2 + -9 - -12)
-4
What is -5 + (-19 - -25) - (3 - 2)?
0
Calculate (-5 + -4 + 10 - (-1 + 5)) + 7.
4
3 + (-15 - -7) - -18 - (-1 - 6)
20
Calculate (-9 - -5) + (-11 - -3).
-12
Calculate 1 + -4 - (42 - -12 - 29).
-28
Calculate -30 - (-10 - (16 + -9)).
-13
Calculate -1 + -4 + (-1 - (-1 - -8 - 25)).
12
What is -19 + (13 - 0) + (-2 - (3 - 16))?
5
What is -37 + 40 + 2 + 4?
9
What is (9 + -23 - -10 - (-1 - -7)) + 1?
-9
Calculate 7 + -9 - 0 - 0.
-2
What is -1 - -21 - (39 - (-39 + 65))?
7
Calculate 6 + ((3 - 4) + -10 - 6) - -6.
-5
What is the value of (39 - 42) + -7 + 1?
-9
What is 44 - (-11 + -9 - -47)?
17
What is -5 + -1 + 4 - (-6 - -11 - 9)?
2
What is 0 + (-1 - (-5 + 5 + -1))?
0
Evaluate (11 - 8) + 19 - (-12 + 6 - -15).
13
What is the value of 3 + 9 + -11 + -3 - -10?
8
Calculate (-38 - 4 - -26) + (1 + 0 - 8).
-23
What is -14 - (-18 - -44) - -23?
-17
What is -3 + 0 - (-7 + -2) - -5?
11
Evaluate 4 - 10 - (9 + -7 + 2 + -22).
12
Calculate 3 + 1 + 2 + 2 - (-32 + 27).
13
What is the value of 3 - -7 - 14 - (5 + -4 - -3)?
-8
Calculate -2 + 8 + 1 + 2.
9
(145 - 111) + -32 + 5
7
Calculate -1 + -1 + (-16 - -8).
-10
Evaluate -13 + (-1 - (3 - (2 + 5))).
-10
-53 - -25 - (-2 + -11)
-15
15 + -3 + -45 + 23
-10
What is (14 - -1 - (116 + -117)) + -2?
14
Evaluate 1 + (-6 - ((-2 - -2) + -13)).
8
3 + (-8 - 2) + -6 - -4
-9
Calculate (20 - (-2 - -7)) + -9.
6
Calculate (-15 - (-6 + -5 + 3)) + 14 - 22.
-15
Evaluate 14 + (13 - 22 - 3).
2
(41 - 42) + -3 + (3 - 17)
-18
What is 18 + (8 - 21) + 4?
9
What is (-1 - -14) + (23 - 19) + -8?
9
What is 7 - (-21 + 28 - 16)?
16
-1 - -20 - (247 - 229) - 11
-10
Evaluate -17 - (11 + 2 + -17) - -16.
3
Calculate -5 + 17 + -6 + 14 + -8 + -1.
11
Calculate -7 + 2 + -2 + -25 + 83 + -57.
-6
Calculate -17 - (-19 - 7) - (-2 + (1 - -3)).
7
What is the value of 2 + -16 + 22 + -18?
-10
Calculate 10 - (-4 + (33 - -1) - 9).
-11
Calculate -9 - (11 - (-8 + 0 + (9 - -5))).
-14
What is (-7 - (2 - 6 - -6)) + 1 + -15?
-23
What is (-39 + -2 - -66) + 4 + -1?
28
Calculate -145 + 113 - (-3 - 54).
25
What is (-1 - (14 - 30)) + -32?
-17
What is the value of 33 - (-7 - (-11 - 22))?
7
What is the value of -10 - ((19 - 10) + -34)?
15
What is the value of -2 + (10 - 14) + -2?
-8
-35 - (-24 - 12) - (10 + 2)
-11
(-2 - -32) + -18 + -8
4
Calculate -9 + -1 + (20 - 3) + 17 + -3.
21
What is the value of 4 - ((7 - 14) + 4 + 9)?
-2
-1 - 0 - (-20 - -2 - (-5 - 3))
9
What is the value of 10 - (8 + -10 + 3) - 16?
-7
What is -6 + (-33 - (-15 + -7 + 7))?
-24
Evaluate 191 + -243 - (-2 + -29).
-21
Evaluate (2 - 8) + -28 + 14 + -6.
-26
Evaluate (1 - -4) + -60 + 59 - 10.
-6
What is the value of -5 - (13 - 34 - -13)?
3
-49 - -18 - (-62 - -5)
26
Evaluate (-22 - -10 - (4 + -4)) + -5.
-17
What is 1126 - 1090 - ((0 - 0) + -1)?
37
-1 + 8 + (-9 - (9 - 9))
-2
Evaluate 6 + (16 - 18 - 7) + -4 + 0.
-7
Calculate -194 + 176 + 49 + 2 - 15.
18
What is the value of -14 + 1 - (843 + -829)?
-27
What is the value of 1 - (-4 + -18 + 3) - 9?
11
12 - (13 + (-15 - -1))
13
10 + (2 - -12 - (-9 - -14) - -4)
23
What is the value of -31 + 10 + (31 - 20)?
-10
What is 3 + 3 + 90 + -95 - 3?
-2
Evaluate 22 - (-28 + (17 - -7)).
26
3 + 1 + -4 + (-14 - (-26 + 6))
6
(1 - (6 - 3)) + (-5 - -3) + 5
1
What is (-18 - -24) + -9 + 1 + 1 + 2?
1
-2 + (6 - 3) - (-44 + 70)
-25
What is 6 + -4 - (20 + (-11 - -3))?
-10
What is the value of 20 + -16 - (5 - -1)?
-2
Calculate (-5 - (-7 - -9) - -9) + 5.
7
What is (6 - 9) + 41 + 0 + (1 - 6)?
33
(37 - 26) + -1 + -4 - 17
-11
-3 + 20 + (12 - 1 - 16)
12
Evaluate -5 - (-33 + (-26 - -49)).
5
What is -4 + -2 + 1 - (-170 - -177)?
-12
(-4 - (-11 - -19)) + 7
-5
What is the value of -19 + 36 + (-24 - 3) + 2 + 1?
-7
What is the value of 2 + (2 - 2) - (265 - 260)?
-3
-3 - (18 + -6) - (72 + -77)
-10
What is the value of -2 + -4 + -11 + -2?
-19
What is 16 + 3 + (-19 - (-5 + 1))?
4
What is the value of -13 + 5 + 1 + 13 + -19?
-13
What is the value of (5 - -30) + -60 - -42?
17
What is -4 + 0 + (41 - (23 - -1))?
13
Evaluate 1 + -16 - (37 + (-64 - -43)).
-31
What is -3 - 3 - (-2 + 6 + -23) - 4?
9
What is -11 + 3 + 20 + 7 + 2 + -9?
12
What is the value of -36 + 4 + 26 - 19?
-25
Calculate -8 + -1 + 4 + 10 + -1.
4
What is the value of 56 + -67 + -1 + 7 + -4?
-9
Evaluate 27 - (-1 + 18) - (2 - -18).
-10
Calculate 0 + 0 + -1 + -2 + (23 - 6).
14
7 + (-3 - (0 + 5 + -5))
4
What is (-51 + 56 - 14) + (1 - (-37 - -1))?
28
What is the value of (3 + (11 - 8) - 10 - 3) + 15?
8
Calculate -13 + 19 - 17 - 1.
-12
Calculate -2 - -6 - 8 - (-56 + 65).
-13
Calculate -7 + 12 + 1 - (-1 - 2).
9
Evaluate 18 - (-1 + 6) - 6 - -14.
21
Evaluate -17 - (-31 + -3) - 15.
2
Evaluate -4 + 1 + 9 + -7 + (-3 - 5).
-9
What is -13 + -3 + 0 + 4 + -1 + 7?
-6
What is -2 + 0 - (19 - 18) - (4 - 9)?
2
What is 73 - 90 - (-3 - -9)?
-23
(27 - 15) + (-6 - -6 - 20)
-8
What is the value of (-6 - (-8 + 5) - -3) + 8?
8
What is the value of 9 - ((-13 - (-34 + 9)) + -3)?
0
Calculate -2 + -20 + 42 + 0.
20
What is the value of 9 - (-29 - -27) - (-1 + 5)?
7
Evaluate 3 - -3 - (2 + 8 + (-15 - -11)).
0
Calculate 5 - ((13 + -8 - -3) + -7).
4
Evaluate -4 + -1 - (36 - (2 - -57)).
18
Evaluate 3 + 1 + 3 + (22 - 26).
3
(6 + -1 - 3 - -4 - 0) + -8
-2
What is (15 - 35) + 7 - -23?
10
-3 + (-2 + (-2 + -1 - 0) - -20)
12
What is the value of 0 + -11 - -14 - 4?
-1
Evaluate 15 + (-10 - (-1 - (-6 - -8))).
8
What is the value of (-36 - -19 - -28) + -9 + (-7 - -1)?
-4
33 + (-1 + -7 - (4 + 2))
19
Calculate (-103 - -107) + 8 + -2.
10
What is 20 + (8 - 18) + -13?
-3
What is -55 - (-11 + -37) - (0 - 36)?
29
What is (-13 - -7 - -6) + (-8 - -10) + -7?
-5
What is (3 + -1 + 19 + -11 - 5) + 9?
14
Calculate 3 + 11 + (8 - 24).
-2
What is 10 + (-6 - -6) - 16?
-6
-26 - (0 - 1 - (6 + (-3 - 1)))
-23
Calculate -6 - -1 - (1 + 11 - 5).
-12
Evaluate -11 + (6 - -1) + -17.
-21
Evaluate (-1 - -6) + -10 + 7 - 5.
-3
Evaluate -29 + 8 - (-12 - -2).
-11
What is the value of 8 + -7 - (-4 - -4 - (-1 + 2))?
2
Evaluate -5 - (-2 + 13 + -10) - (8 - 46).
32
What is -7 - (-8 + 13 + -12)?
0
What is the value of -3 + 1 + (4 - 0) + (18 - 13)?
7
Calculate (-175 - -178 - (0 - -10)) + -2 + -9.
-18
5 - (5 + 1) - (6 - -15)
-22
What is the value of (-14 - ((-11 - -4) + 0)) + 17?
10
-32 + (10 - -3) + 8
-11
Calculate 2 - ((-49 - -33) + -6).
24
What is the value of 7 + -70 + 49 + (1 - 3)?
-16
